
-609
Let o(x) = -x**2 - 6557*x - 65465. Determine o(-10).
5
Let s(l) = 4*l**2 - 8191*l - 283114. Calculate s(-34).
4
Let k(z) = -z**2 - 4987*z + 1608461. Calculate k(304).
-3
Let j(u) = -101*u**3 + 1409*u**2 + 73*u - 29. What is j(14)?
13
Let n(d) = -2*d**3 + 445*d**2 - 1960*d - 376. Determine n(218).
60
Let g(l) = -2*l**3 + 34*l**2 + 43*l - 294. What is g(18)?
-168
Let p(v) = v**2 + 215163*v - 1291037. Give p(6).
-23
Let c(r) = 158*r - 38587. What is c(243)?
-193
Let w(v) = -228*v - 14118. Calculate w(-35).
-6138
Let x(k) = -41*k**3 - 5251*k**2 - 386*k - 254. Give x(-128).
2
Let i(j) = -11320*j - 79512. Calculate i(-7).
-272
Let i(j) = -j**2 - 241*j + 14565. Calculate i(-291).
15
Let m(u) = -9*u**2 - 424*u - 571. Determine m(-41).
1684
Let s(o) = 2*o**3 - 38*o**2 + 65*o + 56. Calculate s(14).
-994
Let s(j) = 5982*j - 15950. Calculate s(2).
-3986
Let i(b) = b**2 + 18003*b - 89. What is i(0)?
-89
Let c(d) = -d**2 - 20521*d - 13740801. Determine c(-693).
3
Let z(f) = 2533*f - 301445. Determine z(119).
-18
Let y(d) = 149*d**2 + 214*d + 846. Calculate y(-4).
2374
Let c(m) = -m**2 - 76*m + 9928. What is c(-152)?
-1624
Let p(n) = 551003*n - 551037. Give p(1).
-34
Let m(f) = 3*f**3 + 3826*f**2 + 15102*f - 606. What is m(-4)?
10
Let v(r) = -2815*r + 191461. Calculate v(68).
41
Let v(s) = -2420117*s - 14520702. Give v(-6).
0
Let x(v) = 5359*v + 943180. Determine x(-176).
-4
Let b(y) = 1112*y + 13267. Calculate b(-13).
-1189
Let q(c) = c**2 - 21254*c - 766411. Determine q(-36).
29
Let k(d) = 337*d - 13787. Determine k(42).
367
Let x(i) = i**3 + 98*i**2 + 1952*i + 2513. Determine x(-71).
28
Let i(c) = -597*c - 1615. What is i(3)?
-3406
Let k(m) = 1247*m + 22216. Calculate k(-18).
-230
Let l(h) = 2*h**3 - 1251*h**2 + 42445*h - 41. Calculate l(36).
-5
Let l(w) = w**2 + 1198*w + 62826. What is l(-55)?
-39
Let d(h) = -5756*h - 288015. Give d(-50).
-215
Let q(z) = 4*z**2 - 3725*z - 18676. Give q(-5).
49
Let y(h) = 682*h - 134329. Determine y(197).
25
Let o(u) = -808*u + 3899. Determine o(0).
3899
Let l(y) = -157*y**3 - 10520*y**2 - 104*y - 2543. Determine l(-67).
-64
Let d(w) = -933*w + 9300. Determine d(10).
-30
Let t(r) = 1174*r - 89209. Calculate t(76).
15
Let l(h) = -7425*h - 111269. Calculate l(-15).
106
Let j(t) = -13521*t + 44640. What is j(3)?
4077
Let k(b) = 3828*b - 413208. Calculate k(108).
216
Let m(f) = -f**3 - 86*f**2 + 122*f + 1818. Calculate m(-87).
-1227
Let i(m) = m**2 - 973*m - 54163. Give i(-52).
-863
Let u(c) = -111*c**2 - 1189*c + 2864. Calculate u(2).
42
Let t(x) = x**3 + 127*x**2 + 1682*x - 261. What is t(-112)?
-485
Let y(z) = 31068*z + 342097. Give y(-11).
349
Let l(r) = 2*r**3 + 8*r + 19. Determine l(0).
19
Let q(p) = -2*p**3 + 251*p**2 + 411*p - 3796. Calculate q(127).
14
Let p(i) = -17099*i - 3898562. What is p(-228)?
10
Let m(i) = -29889*i - 211. Calculate m(0).
-211
Let z(h) = -h**3 - 114*h**2 + 354*h + 648. Give z(-117).
297
Let q(m) = 977*m + 11304. Give q(-12).
-420
Let a(o) = 8*o**3 + 791*o**2 + 98*o + 19484. Give a(-99).
-19
Let n(d) = d**3 + 5*d**2 - 188*d - 675. Calculate n(-4).
93
Let w(s) = -3104*s**3 + 22*s**2 + 52*s + 51. What is w(-1)?
3125
Let o(h) = 16*h**3 + 2*h**2 + 17*h - 75. Calculate o(3).
426
Let d(p) = 2815*p - 54107. What is d(19)?
-622
Let h(c) = 134994*c - 22813981. What is h(169)?
5
Let b(a) = -23*a**2 - 1437*a + 37938. Give b(20).
-2
Let d(g) = -g**3 - 69*g**2 + 287*g + 299. What is d(-73)?
664
Let h(j) = j**2 + 305*j - 2395. What is h(6)?
-529
Let z(x) = x**3 + 70*x**2 + 905*x + 108. Give z(-53).
-104
Let n(p) = 56*p**3 - 10*p**2 - 30*p + 28. Give n(1).
44
Let t(y) = -27*y**2 + 2462*y - 120. Determine t(91).
335
Let o(r) = -2*r**2 + 387*r + 2327. Determine o(201).
-688
Let f(c) = -3*c**3 + 431*c**2 + 1920*c - 338. Give f(148).
-930
Let b(s) = -2*s**2 + 393*s + 3017. What is b(-8)?
-255
Let n(p) = 2*p**2 + 144*p - 2998. Calculate n(18).
242
Let t(f) = -27*f**2 + 2287*f - 22759. Calculate t(10).
-2589
Let k(s) = 415157*s + 1660588. Determine k(-4).
-40
Let a(v) = 370*v + 41205. Give a(-111).
135
Let i(u) = -u**3 - 171*u**2 - 1453*u + 741. Give i(-162).
-69
Let q(a) = -3497*a - 1279942. Determine q(-366).
-40
Let r(f) = -3*f**3 + 13*f**2 - 14*f + 41. Determine r(7).
-449
Let k(f) = 41417*f - 8241988. Determine k(199).
-5
Let p(h) = -2*h**2 - 238*h - 6740. Determine p(-48).
76
Let h(u) = u**3 - 9*u**2 + 1034*u - 8213. Give h(8).
-5
Let u(k) = -2*k**3 + 28*k**2 + 1159*k - 17197. What is u(23)?
-62
Let v(n) = 3*n**3 + 85*n**2 - 384*n - 9444. What is v(-29)?
10
Let r(n) = -n**2 - 502*n - 30676. Calculate r(-431).
-75
Let z(g) = -g**3 - 18*g**2 - 71*g - 6. Give z(-11).
-72
Let o(a) = -10802*a + 23343125. What is o(2161)?
3
Let z(q) = -831*q**2 - 2482*q - 27. Give z(-3).
-60
Let y(j) = -6*j**2 + 453*j + 1171. Give y(78).
1
Let l(z) = 30*z**2 + 1977*z - 5935. Calculate l(3).
266
Let l(i) = 8*i**2 + 50*i - 3459. Determine l(18).
33
Let b(q) = -q**3 - 52*q**2 + 4409*q + 230860. Determine b(-53).
-8
Let a(z) = -z**3 - 29*z**2 - 222*z - 3415. What is a(-13)?
-3233
Let g(u) = 5*u**2 + 26067*u + 260198. Give g(-10).
28
Let v(c) = c**2 - 19791*c + 14006170. Calculate v(735).
10
Let u(q) = 110773*q - 1107746. Give u(10).
-16
Let a(t) = -t**2 + 1512*t + 6184. What is a(-4)?
120
Let s(c) = 21*c**2 + 182*c - 888. What is s(5)?
547
Let f(q) = q**3 + 72*q**2 + 1220*q - 576. Calculate f(-44).
-48
Let j(b) = -30*b**2 - 4653*b - 393. Calculate j(-156).
-4605
Let n(t) = -144825*t - 579329. Determine n(-4).
-29
Let l(p) = -p**3 + 4*p**2 - 11007*p + 77198. Calculate l(7).
2
Let l(k) = -1923*k - 30827. Determine l(-16).
-59
Let f(s) = 154*s**2 - 2778*s - 45. Give f(18).
-153
Let z(f) = -2*f**3 + 554*f - 884. What is z(0)?
-884
Let b(c) = c**3 - 88*c**2 + 674*c - 1. Give b(8).
271
Let t(b) = 2024*b**2 + 95132*b + 75. What is t(-47)?
-113
Let o(x) = x**3 - 117*x**2 - 98*x - 1412. What is o(118)?
948
Let x(j) = -j**2 - 5757*j - 482113. Give x(-85).
7
Let z(m) = 105*m**3 + 29*m**2 - 122*m + 28. Give z(4).
6724
Let f(s) = -54235*s - 21043173. What is f(-388)?
7
Let f(j) = -2*j**3 + j**2 + 146*j + 554. What is f(-4)?
114
Let u(r) = 25582*r - 102863. Calculate u(4).
-535
Let z(b) = 52*b**2 - 156*b + 353. Determine z(4).
561
Let i(f) = -13730*f - 356944. Give i(-26).
36
Let y(k) = 3137*k + 232103. What is y(-74)?
-35
Let k(m) = 251*m**2 - 9505*m - 38000. Give k(-4).
4036
Let m(j) = -j**2 - 71*j + 2002. Give m(27).
-644
Let i(k) = 13207*k - 726384. What is i(55)?
1
Let u(y) = y**3 - 73*y**2 - 4*y - 1. Give u(-3).
-673
Let g(l) = l**3 + 8*l**2 - 101*l - 41. Give g(-15).
-101
Let q(w) = 4505*w - 941573. Determine q(209).
-28
Let p(j) = 5786*j - 133083. Give p(23).
-5
Let n(c) = c**3 + 3*c**2 + 2208*c - 6675. Calculate n(3).
3
Let y(k) = 512*k + 3083. What is y(-4)?
1035
Let m(w) = 666*w - 4890. Give m(11).
2436
Let t(l) = 293425*l - 2640862. What is t(9)?
-37
Let h(k) = -120*k**2 + 294*k + 2. Calculate h(3).
-196
Let r(t) = -t**3 - 6*t**2 + 131*t - 68. Determine r(-12).
-776
Let p(z) = 2*z**2 - 1670*z - 90378. Give p(-51).
-6
Let t(s) = 39*s**3 - 1048*s**2 - 132*s - 83. Give t(27).
-2
Let h(x) = 2172*x - 169421. Calculate h(78).
-5
Let f(o) = -36*o - 2371. Determine f(-71).
185
Let x(k) = 719*k**2 + 614028*k + 1725. Give x(-854).
17
Let n(p) = -71*p**2 + 10152*p + 130. Calculate n(143).
-13
Let w(k) = 9*k**2 - 200*k + 939. Give w(14).
-97
Let z(a) = 21309*a - 1022834. Determine z(48).
-2
Let u(g) = -g**2 + 1276*g + 134655. Determine u(-98).
3
Let j(o) = -o**2 - 784*o - 2374. Give j(-3).
-31
Let d(a) = 12*a**2 + 679*a + 2587. What is d(-4)?
63
Let p(a) = 382*a + 16880. What is p(-41)?
1218
Let r(j) = -9*j**3 - 5*j**2 - 105*j - 389. What is r(-5)?
1136
Let h(j) = 27*j**2 + 815*j + 5483. Determine h(-20).
-17
Let a(w) = w**2 - 11*w - 43745. Calculate a(215).
115
Let t(y) = -y**3 + 2*y**2 - 304*y + 1432. What is t(5)?
-163
Let u(i) = -32*i**2 + 2208*i + 145. Give u(69).
145
Let k(n) = n**3 - 85*n**2 - 931*n - 1777. Give k(95).
28
Let w(k) = -2*k**3 - 23*k**2 + 41*k - 28. Give w(-13).
-54
Let p(o) = 4932*o - 123295. Give p(25).
5
Let p(x) = -5*x**3 + 50*x**2 + 70*x - 179. What is p(11)?
-14
Let z(g) = -g**2 - 230*g - 13507. Give z(-125).
-382
Let h(b) = -25163*b + 12606656. Calculate h(501).
-7
Let j(p) = 9*p**3 - 26*p**2 + 53*p + 20. Calcul